(u). Determine c(7).
-7
Let y be (3/(-4))/((1 - -2)/(-24)). Suppose -s = -y*s + 75. Let n(l) = 3 + s*l - 2 - 16*l. Give n(4).
-3
Let n(q) = 598*q - 17*q**2 + 16*q**2 - 204*q - 177*q - 196*q + 27. Calculate n(21).
27
Suppose -142 - 70 = 15*u - 17. Let o(w) = -w**3 - 14*w**2 - 5*w + 103. Calculate o(u).
-1
Let d(v) = v + 3. Let q(w) = w + 4. Let m(o) = 5*d(o) - 4*q(o). Suppose 46 = 4*t + u, t + u + 3*u - 4 = 0. Suppose -16 = -8*b + t*b. Give m(b).
-5
Let g(q) = q**3 - 5*q**2 - 2*q. Suppose 0 = 4*i + 4, t + 10*i - 11*i = -3. Let z be t*40/16*2/(-4). Give g(z).
-10
Suppose -28*s + 77*s = 931. Let n(v) = 2*v - 53. Calculate n(s).
-15
Let z(t) = -24*t - 4. Let l(u) = -19*u - 4. Let c(q) = 5*l(q) - 4*z(q). Suppose 0 = -23*o + 21*o + 8. Give c(o).
0
Let q(v) = 4*v + 14 - 13 - 2*v + v - v**2. Let w(f) be the first derivative of f**3/3 - 2*f**2 + 7. Let a(n) = -3*q(n) - 4*w(n). Calculate a(6).
3
Let i(b) = b + 36. Let d(l) = -l**2 + 25*l + 795. Let m be d(44). Determine i(m).
-5
Let h = -70 + 74. Let p(d) be the first derivative of d**3/3 - 5*d**2/2 - 2*d - 1. Let v be p(h). Let w(a) = -a**3 - 6*a**2. Give w(v).
0
Let k(s) = -s**3 - 12*s**2 + 14*s + 32. Let g be k(-13). Let y = -19 + g. Let r(c) = -7*c**2 + 8*c**2 + 2 + y*c**2. Give r(0).
2
Let t(d) be the first derivative of 5*d**3/3 - d**2/2 - d - 5. Suppose -61*y = -45*y + 16. What is t(y)?
5
Let g(x) = -6*x**3. Let p be -2 + (-6 - 1) - -6. Suppose s - 3 = -l + 2*s, -3*l + 2*s + 5 = 0. Let z be (1 + 0)/((l - p) + -1). Determine g(z).
-6
Let f(z) = 13*z - 9. Let q(y) = 20*y - 14. Let w(k) = -8*f(k) + 5*q(k). Let h(r) = -r**3 - 14*r**2 - 11*r - 5. Let c be h(-13). Let v = c - -33. Give w(v).
-6
Let u(a) = 7*a**3 + 20*a**2 - 3*a + 17. Let d(f) = -23*f**3 - 60*f**2 + 11*f - 53. Let v(t) = 3*d(t) + 10*u(t). Calculate v(-20).
-49
Let l(b) = -b**3 - 10*b**2 + 6*b + 6. Let a(h) = 9*h - h**2 - 3 - 2*h - 6*h + 4. Let g(z) = 6*a(z) - l(z). Calculate g(-3).
9
Let z(g) be the second derivative of g**3/6 - 11*g**2/2 - 66*g + 7. Calculate z(13).
2
Suppose y + 4*d + 145 = 7*d, 5*y - 5*d + 765 = 0. Let i = -155 - y. Let k(h) = -4*h + 2. Determine k(i).
-6
Suppose -5*u = 4 - 14. Suppose 3*d - 11262 = -2148. Let m(z) = z + d - 3038. Determine m(u).
2
Let n(b) = 28*b + 35. Let m(r) = 3*r - 5. Let g(o) = -6*m(o) - n(o). What is g(-1)?
41
Let i(z) = 431*z - 445*z - 97 + 82 - 186. Determine i(-14).
-5
Let m(k) = 31*k + 1 + 7*k - 8*k + 13*k. Let i = 1579 - 1580. Determine m(i).
-42
Let a(b) = b**3 + 10*b**2 + 23*b - 17. Suppose 52*c + 66 = -246. What is a(c)?
-11
Let z(x) = 2*x**3 + 2*x**2 + 4. Let p(k) = -k**3 - 15*k**2 - 3*k - 47. Let h be p(-15). What is z(h)?
-4
Let n(x) = x**3 + 6*x**2 - 5*x + 2. Let m = 611 + -569. Let g be (-7)/m*2*18. Give n(g).
32
Let f(m) be the first derivative of m**4/12 - 14*m**3/3 + 31*m**2/2 - m - 13. Let z(v) be the second derivative of f(v). Give z(13).
-2
Let j(f) be the third derivative of -f**8/10080 - f**7/720 + f**6/144 + 111*f**5/20 - 55*f**2 - 3*f. Let q(s) be the third derivative of j(s). What is q(-5)?
-10
Let i(l) = l - 4. Let t(k) = -k + 4. Suppose -30 = -16*m - 110. Let x(h) = m*t(h) - 6*i(h). What is x(5)?
-1
Let y(g) = g**2 + g - 1. Let i(p) = -3*p**2 - p + 31. Let w(v) = -i(v) - 2*y(v). Let c(n) = n**2 - 11*n - 12. Let t be c(12). What is w(t)?
-29
Suppose -5*n + 3967 = 4*s, -4*s = -s - 2*n - 2958. Let o(t) = 1 + s*t - 5 - 986*t. Give o(4).
4
Suppose 0 = -224*r + 239*r - 75. Let v(l) = 11*l + 2. What is v(r)?
57
Let a(k) = -19*k - 199. Suppose -25*u + 407 + 693 = -125*u. What is a(u)?
10
Let x(d) = d**3 - 26*d**2 + 26*d + 11. Suppose 0 = -12*k + 6506 - 6206. Give x(k).
36
Suppose 16 = 11*s - 6. Suppose -r - 127 = 2*a - 5*a, -s*a + 2*r = -78. Let f = -52 + a. Let t(i) = i**3 + 7*i**2 - 8*i + 5. Give t(f).
5
Let c(u) = 29*u**2 - 36*u + 327. Let y(f) = -5*f**2 + 6*f - 56. Let n(p) = 6*c(p) + 35*y(p). Suppose 0 = 4*b + 27 - 3. Calculate n(b).
2
Let d(h) = 2*h**2 - 41*h - 400. Let m be d(-7). Let u(z) = z**2 + 13*z - 28. Calculate u(m).
2
Let p(w) = w**3 + 9*w**2 + 11. Suppose 4*q - 2*k = -218, -4*k + 265 = -5*q - 9*k. Let d be (6/4*-2)/(q/(-162)). Determine p(d).
11
Let b(w) = -2*w**3 + w**2 - w + 241. Let c be b(0). Suppose -4*y = -0*x + x - c, 2*x + 6 = 0. Let q(f) = 4*f**2 - 8*f - 3*f**2 - y + 56. Calculate q(6).
-17
Let n(f) = -4*f + 3. Let r(g) = -g**2 + 13*g - 33. Suppose 5*p = 3*p + 18. Let l be r(p). Calculate n(l).
-9
Let h(o) be the second derivative of o**5/20 - 3*o**4/4 + o**3/2 - 3325*o. Determine h(8).
-40
Let g(c) = -14*c + 71. Let y(z) = -112*z - 1004. Let h be y(-9). Determine g(h).
15
Let x(w) = 7*w + w**2 - 10*w - 1 + w + 3*w + 3*w. Let h = 20 - 19. Let f(q) = -4*q**2 - q + 1. Let s be f(h). Calculate x(s).
-1
Let n = 805 - 1545. Let s be n/(-80) - 2/8. Let d(o) = -o**3 + 8*o**2 + 7*o + 12. Determine d(s).
-6
Let c(b) = -b**2 + 10*b + 9. Let d(a) = -a**2 + 38*a + 2146. Let x be d(69). Give c(x).
30
Let m be (-2)/18 - (-13340)/828. Let x(d) = d**2 - 12*d - 64. Give x(m).
0
Let w be (252/(-5))/(18/(-90)). Let f = 243 - w. Let n(i) = i + 4. Give n(f).
-5
Suppose 18*m = -493 + 583. Let v(n) = 2*n**2 - 2*n - 10. What is v(m)?
30
Suppose -3*j + 1 + 4 = 4*u, -5 = 3*j + 2*u. Let k(a) be the first derivative of a**4/4 + 5*a**3/3 + a**2/2 - 4*a + 28. Calculate k(j).
-9
Let t(u) = 5*u**2 - 7*u + 4. Let m be ((-2)/(-4))/(8/16). Let g(y) = -y**2 + 1. Let h(c) = m*t(c) + 6*g(c). Determine h(-8).
2
Let m(b) = -5*b**2 - 408*b + 166. Let l be m(-82). Let p(y) = -27*y + 58. Determine p(l).
4
Let l(q) = 4 - 2 - 9*q - 1. Suppose -16*t - 6*t = -308. Let g(f) = -f**2 + 21*f - 99. Let c be g(t). Give l(c).
10
Let f(l) = -140*l + 143*l - 17 + 7 + 20. Give f(-4).
-2
Let q(t) be the second derivative of 1/3*t**3 + 0*t**2 + 2/3*t**4 + 0 - 84*t + 1/20*t**5. Determine q(-8).
-16
Let b be 2/(280/(-145) + 2). Let w = -27 + b. Let o(s) = -9*s - 14 + 5 + s**3 + 4*s**2 + w*s**2. Give o(-7).
5
Let a(t) = -t**2 + 16*t - 30. Let z = -14455 + 14472. Give a(z).
-47
Let m(d) = -d - 2*d + 3 - 8 + 6*d. Let v(i) = -i**2 + 10*i - 19. Let j = -175 - -179. Let x be v(j). Calculate m(x).
10
Let p = 21197 + -21207. Let u(v) = v**3 + 12*v**2 + 18*v - 27. What is u(p)?
-7
Let i(s) be the second derivative of -s**3/6 - 5*s**2/2 - s. Let j = -749 + 1152. Let f = j - 407. What is i(f)?
-1
Suppose 2*m - 185 = -4*a + 3*m, -m = 5*a - 229. Suppose a*i - 29*i + 187 = 0. Let f(y) = y + 14. Give f(i).
3
Let p(u) = -11*u**2 - 69*u - 629. Let d be p(-8). Let a = 789 + d. Let t(q) be the first derivative of -q**2/2 - 3*q - 1. Give t(a).
-11
Let n(u) = -u - 204. Let d(f) = -2*f - 467. Let r(g) = -10*d(g) + 23*n(g). What is r(-10)?
8
Let n(f) = 2*f + 4. Let v be 6/1 + -2 - (2 - -2). Suppose -c - 3 = -1, v = 3*k + 2*c + 43. Calculate n(k).
-22
Let o(k) = k**2 - 4 + 6 + 2 + 11*k. Let a(f) = -16*f - 9. Let p be a(-23). Suppose -p*j = -356*j + 30. What is o(j)?
-6
Let w(g) = 8*g - 48. Let a(j) = -j + 4. Let h(l) = 7*a(l) + w(l). Determine h(13).
-7
Let o(n) = -32*n**3 + 20 - 27 - 3*n**2 + 31*n**3 - 8*n - n**2. Let m be o(-2). Let r(i) = -3*i**3 + i. Give r(m).
-2
Suppose -4*f = t - 6*f - 44, -t - 4*f + 56 = 0. Suppose 5*p = -4*r - t, -4*r + 7 = -5*p + 15. Let n(z) = -z - 6. Give n(r).
1
Let m(v) be the third derivative of v**4/24 - 2*v**3/3 + 407*v**2 - 2*v. Calculate m(-2).
-6
Let b(k) = -2*k**2 + 2*k + 7. Let z(j) = -5*j**2 - 7*j - 36. Let r(a) = 2*b(a) - z(a). What is r(-8)?
26
Let j(i) = -2*i + 37*i + 310 + 192*i**2 - 210 - 190*i**2 + 2*i. Give j(-3).
7
Let d(r) = -r**2 + 4*r + 2 - 3 - 3*r - r**3. Let f(p) = -9*p**3 + p + 3*p**2 + 10*p**3 - 5*p. Let c(g) = 2*d(g) + f(g). What is c(-2)?
14
Let q(y) be the second derivative of -y**4/12 - y**3 - 3*y**2 - 614*y. Give q(-5).
-1
Let r(b) = 3*b**3 + b**2 + 7*b + 9. Let d be r(4). Let x = d + -254. Let n(c) = c**3 + 10*c**2 + 7*c - 9. Give n(x).
9
Suppose -4*v - 519 = -527. Let u(g) = 49 - 78 + 15*g**2 - 16*g**v. What is u(0)?
-29
Let h(b) be the second derivative of -9*b**3/2 + b**2 - 267*b. Determine h(-1).
29
Let x be (-156)/(-8) + (-3)/(-6). Suppose 0 = 7*b - 12*b + x. Let f(j) = -1 - b*j**3 + 1 - j - 3 + 4. Determine f(1).
-4
Let r(n) = -n**2 + 12*n + 17. Suppose 269*w + 264*w = 548*w. Determine r(w).
17
Let d = -6840 - -6837. Let l(t) = -21*t - 4. Determine l(d).
59
Let j